 (base 4) to base 6.
42
Convert -2 (base 13) to base 10.
-2
44 (base 7) to base 6
52
Convert -106 (base 10) to base 4.
-1222
Convert -5 (base 14) to base 3.
-12
What is -15 (base 11) in base 15?
-11
-3 (base 12) to base 13
-3
Convert c4 (base 13) to base 6.
424
What is -152 (base 10) in base 15?
-a2
Convert -a9 (base 13) to base 5.
-1024
6 (base 13) to base 16
6
What is 1 (base 9) in base 13?
1
Convert 0 (base 8) to base 7.
0
What is 132 (base 9) in base 6?
302
Convert -1223 (base 5) to base 12.
-138
-26 (base 8) to base 16
-16
-2 (base 16) to base 11
-2
What is -23 (base 14) in base 9?
-34
Convert 111001 (base 2) to base 11.
52
Convert 5c (base 14) to base 7.
145
What is 5 (base 14) in base 8?
5
What is 2 (base 4) in base 16?
2
What is -4 (base 5) in base 8?
-4
-11 (base 9) to base 10
-10
Convert -20 (base 11) to base 12.
-1a
Convert -35 (base 7) to base 10.
-26
Convert -2 (base 3) to base 6.
-2
-4 (base 9) to base 15
-4
What is -1010011 (base 2) in base 16?
-53
Convert -3 (base 12) to base 16.
-3
What is -101012 (base 3) in base 15?
-135
0 (base 9) to base 2
0
20 (base 4) to base 16
8
What is -2 (base 10) in base 3?
-2
Convert 10 (base 7) to base 6.
11
-430 (base 5) to base 13
-8b
Convert -11 (base 2) to base 13.
-3
Convert -363 (base 7) to base 15.
-cc
Convert 2 (base 12) to base 5.
2
What is c (base 16) in base 3?
110
Convert -4 (base 10) to base 6.
-4
-1 (base 3) to base 12
-1
-71 (base 9) to base 6
-144
-4 (base 12) to base 2
-100
Convert 3 (base 12) to base 3.
10
Convert -4 (base 14) to base 3.
-11
What is 21 (base 8) in base 2?
10001
Convert 0 (base 11) to base 16.
0
110001 (base 2) to base 11
45
-120 (base 4) to base 8
-30
0 (base 2) to base 5
0
What is -30 (base 12) in base 5?
-121
Convert -31 (base 7) to base 3.
-211
Convert 66 (base 8) to base 7.
105
What is 31 (base 10) in base 9?
34
What is 14 (base 8) in base 5?
22
Convert -70 (base 8) to base 13.
-44
Convert 20 (base 3) to base 7.
6
-11 (base 5) to base 12
-6
What is 53 (base 10) in base 7?
104
Convert 2 (base 16) to base 7.
2
What is 13 (base 12) in base 10?
15
Convert 24 (base 10) to base 7.
33
What is -3 (base 16) in base 8?
-3
What is 3 (base 5) in base 4?
3
What is -365 (base 9) in base 4?
-10232
What is 33 (base 12) in base 3?
1110
-2 (base 7) to base 3
-2
Convert 127 (base 9) to base 11.
97
Convert -7 (base 8) to base 10.
-7
-102 (base 6) to base 7
-53
-12 (base 5) to base 8
-7
Convert 7 (base 9) to base 15.
7
-20 (base 16) to base 5
-112
What is -5 (base 8) in base 2?
-101
3 (base 12) to base 5
3
Convert 304 (base 7) to base 10.
151
What is 4 (base 11) in base 5?
4
12 (base 8) to base 14
a
Convert -59 (base 16) to base 8.
-131
-1 (base 14) to base 12
-1
Convert 6 (base 11) to base 10.
6
What is -2 (base 14) in base 15?
-2
What is -33 (base 13) in base 11?
-39
Convert 100 (base 2) to base 12.
4
What is 3 (base 8) in base 14?
3
What is -124 (base 6) in base 8?
-64
552 (base 6) to base 8
324
10 (base 4) to base 8
4
-1134 (base 5) to base 7
-331
What is 15 (base 11) in base 8?
20
-11 (base 9) to base 7
-13
-80 (base 15) to base 12
-a0
-13 (base 12) to base 7
-21
Convert 3 (base 15) to base 13.
3
0 (base 2) to base 4
0
What is f (base 16) in base 7?
21
What is 18 (base 11) in base 10?
19
Convert 23 (base 16) to base 12.
2b
0 (base 15) to base 14
0
2 (base 8) to base 3
2
Convert -1 (base 14) to base 9.
-1
2a (base 12) to base 5
114
Convert a9 (base 16) to base 9.
207
Convert -23 (base 4) to base 14.
-b
-3 (base 7) to base 10
-3
What is -10101 (base 2) in base 9?
-23
What is 1 (base 12) in base 2?
1
What is -10100 (base 2) in base 13?
-17
Convert -1 (base 14) to base 10.
-1
Convert -12 (base 4) to base 9.
-6
Convert 3 (base 5) to base 8.
3
What is -11 (base 7) in base 5?
-13
-5a (base 16) to base 14
-66
What is 0 (base 14) in base 15?
0
2 (base 7) to base 3
2
0 (base 8) to base 6
0
1011 (base 2) to base 3
102
-253 (base 9) to base 14
-110
3 (base 4) to base 9
3
What is 5 (base 7) in base 6?
5
What is 10 (base 14) in base 15?
e
What is -88 (base 11) in base 8?
-140
Convert -6 (base 14) to base 3.
-20
Convert -9 (base 10) to base 14.
-9
76 (base 9) to base 2
1000101
What is -1123 (base 4) in base 11?
-83
What is -111 (base 2) in base 15?
-7
Convert -10010 (base 2) to base 7.
-24
-43 (base 10) to base 2
-101011
Convert -9 (base 12) to base 7.
-12
Convert -1101 (base 2) to base 12.
-11
3 (base 14) to base 11
3
-14 (base 5) to base 10
-9
11 (base 4) to base 16
5
Convert 2 (base 3) to base 9.
2
What is 25 (base 9) in base 6?
35
What is -15 (base 13) in base 14?
-14
What is 1100111 (base 2) in base 7?
205
Convert 10 (base 10) to base 8.
12
Convert -16 (base 9) to base 5.
-30
What is -3 (base 4) in base 9?
-3
a1 (base 12) to base 14
89
20 (base 10) to base 11
19
Convert -a (base 12) to base 2.
-1010
1 (base 13) to base 6
1
Convert -22 (base 15) to base 9.
-35
What is 11011 (base 2) in base 12?
23
341 (base 5) to base 12
80
What is -13 (base 10) in base 14?
-d
101 (base 6) to base 11
34
Convert 1 (base 3) to base 16.
1
5 (base 9) to base 4
11
Convert 5 (base 15) to base 4.
11
What is -5 (base 11) in base 3?
-12
2 (base 3) to base 10
2
113 (base 5) to base 8
41
Convert 51 (base 13) to base 7.
123
-10 (base 5) to base 12
-5
What is -3 (base 9) in base 5?
-3
Convert -2 (base 15) to base 7.
-2
13 (base 4) to base 2
111
-4 (base 13) to base 15
-4
-27 (base 16) to base 8
-47
-16 (base 12) to base 6
-30
What is 4 (base 9) in base 6?
4
-154 (base 9) to base 5
-1010
5 (base 11) to base 16
5
What is -50 (base 8) in base 2?
-101000
Convert -14 (base 11) to base 12.
-13
What is 46 (base 8) in base 12?
32
Convert -3 (base 12) to base 14.
-3
What is 11 (base 7) in base 13?
8
Convert -3 (base 12) to base 10.
-3
What is -1321 (base 4) in base 10?
-121
-2 (base 4) to base 3
-2
Convert -1003 (base 5) to base 10.
-128
5 (base 9) to base 5
10
Convert -4 (base 8) to base 16.
-4
3 (base 8) to base 4
3
-1 (base 4) to base 7
-1
Convert -444 (base 6) to base 10.
-172
Convert 15 (base 8) to base 10.
13
What is 47 (base 8) in base 10?
39
What is -1b (base 16) in base 3?
-1000
Convert -21 (base 6) to base 14.
-d
-101001 (base 2) to base 14
-2d
What is 12211 (base 3) in base 11?
133
What is -2021 (base 3) in base 16?
-3d
-1 (base 4) to base 16
-1
-2 (base 15) to base 2
-10
1a0 (base 12) to base 2
100001000
Convert -10 (base 5) to base 15.
-5
1 (base 16) to base 8
1
Convert -22 (base 7) to base 13.
-13
What is -2 (base 12) in base 11?
-2
-1 (base 5) to base 4
-1
Convert 2 (base 14) to base 13.
2
Convert -10 (base 10) to base 4.
-22
What is -2 (base 10) in base 4?
-2
Convert 12 (base 8) to base 15.
a
Convert -2 (base 16) to base 11.
-2
Convert -365 (base 7) to base 15.
-ce
-213 (base 4) to base 13
-30
1001 (base 2) to base 4
21
What is 263 (base 7) in base 3?
12022
Convert 11c (base 16) to base 9.
345
What is -272 (base 8) in base 5?
-1221
1021 (base 6) to base 10
229
What is 1 (base 5) in base 9?
1
126 (base 11) to base 8
225
Convert 195 (base 13) to base 8.
443
What is -2 (base 9) in base 16?
-2
Convert -1 (base 7) to base 10.
-1
Convert -2 (base 9) to base 13.
-2
-12 (base 8) to base 11
-a
What is -1 (base 9) in base 6?
-1
-19 (base 11) to base 14
-16
122 (base 3) to base 10
17
114 (base 5) to base 10
34
16 (base 14) to base 11
19
-10 (base 3) to base 16
-3
-21 (base 5) to base 13
-b
What is -44 (base 6) in base 9?
-31
What is 4 (base 11) in base 6?
4
Convert 4 (base 14) to base 2.
100
-7c (base 16) to base 13
-97
Convert -3 (base 11) to base 6.
-3
Convert -11001 (base 2) to base 15.
-1a
What is 24 (base 14) in base 7?
44
What is -2 (base 6) in base 5?
-2
What is 100001010 (base 2) in base 4?
10022
Convert -1303 (base 5) to base 6.
-535
Convert 8 (base 16) to base 3.
22
Convert 24 (base 15) to base 8.
42
-135 (base 8) to base 7
-162
Convert -20 (base 5) to base 3.
-101
Convert -1 (base 14) to base 6.
-1
-4 (base 10) to base 16
-4
What is -108 (base 13) in base 6?
-453
What is 524 (base 6) in base 11?
169
What is 0 (base 2) in base 5?
0
-11 (base 8) to base 6
-13
What is -1 (base 14) in base 8?
-1
Convert 452 (base 6) to base 3.
20112
98 (base 12) to base 2
1110100
What is 325 (base 10) in base 6?
1301
What is -1 (base 16) in base 7?
-1
-110111 (base 2) to base 12
-47
What is -3 (base 14) in base 16?
-3
What 